 divide 87727?
False
Is 8 a factor of 6936?
True
Is 1204413 a multiple of 263?
False
Is 35 a factor of 1409100?
True
Does 195 divide 198705?
True
Is 49 a factor of 1946092?
False
Does 80 divide 4163600?
True
Is 113 a factor of 5183423?
True
Is 52 a factor of 2295526?
False
Does 266 divide 3718428?
False
Is 206700 a multiple of 130?
True
Is 41850 a multiple of 30?
True
Does 23 divide 797939?
True
Is 81385 a multiple of 50?
False
Is 1062919 a multiple of 143?
True
Does 10 divide 8130?
True
Does 13 divide 698477?
True
Is 3990778 a multiple of 22?
True
Does 87 divide 31548?
False
Does 34 divide 18141539?
False
Is 13 a factor of 1440573?
False
Is 12168160 a multiple of 16?
True
Is 4334092 a multiple of 47?
False
Is 1243671 a multiple of 169?
True
Is 47 a factor of 23171?
True
Is 47 a factor of 3055745?
False
Is 134 a factor of 1791826?
False
Is 39338 a multiple of 26?
True
Does 54 divide 48654?
True
Is 5 a factor of 546389?
False
Does 85 divide 838096?
False
Is 41 a factor of 181794?
True
Is 8681722 a multiple of 98?
True
Does 196 divide 144107?
False
Is 11288 a multiple of 4?
True
Is 386 a factor of 1181806?
False
Does 28 divide 495460?
True
Does 1114 divide 15716312?
True
Is 44752 a multiple of 4?
True
Is 197002 a multiple of 69?
False
Does 12 divide 541779?
False
Does 8 divide 636112?
True
Is 5828795 a multiple of 73?
False
Is 119 a factor of 1045534?
True
Does 77 divide 480026?
False
Does 14 divide 46396?
True
Is 23 a factor of 1199443?
False
Is 17 a factor of 1112061?
False
Does 10 divide 7638220?
True
Is 128347 a multiple of 9?
False
Does 18 divide 255600?
True
Is 458619 a multiple of 144?
False
Does 14 divide 2864500?
False
Is 74245 a multiple of 155?
True
Is 9 a factor of 9347489?
False
Is 98777 a multiple of 151?
False
Is 632 a factor of 712896?
True
Does 278 divide 2349656?
True
Is 10 a factor of 22128952?
False
Does 43 divide 92579?
True
Is 50 a factor of 302950?
True
Does 195 divide 238578?
False
Is 352 a factor of 2048276?
False
Is 28 a factor of 5544?
True
Is 9 a factor of 1176399?
True
Does 258 divide 2968840?
False
Is 12 a factor of 5821986?
False
Does 13 divide 58713?
False
Is 23 a factor of 13172828?
False
Is 11 a factor of 73692?
False
Is 9 a factor of 257967?
True
Does 46 divide 1805172?
False
Is 71 a factor of 10800562?
False
Does 40 divide 320?
True
Is 678293 a multiple of 3?
False
Does 179 divide 6884161?
True
Is 4978885 a multiple of 46?
False
Is 59 a factor of 88307?
False
Is 33 a factor of 14628678?
False
Is 45935 a multiple of 12?
False
Does 1427 divide 1729524?
True
Is 5 a factor of 10919?
False
Is 8073 a multiple of 23?
True
Is 10 a factor of 624233?
False
Does 108 divide 186624?
True
Is 407 a factor of 775742?
True
Is 1022996 a multiple of 412?
True
Does 16 divide 120640?
True
Does 9 divide 241080?
False
Is 37 a factor of 415097?
False
Is 2870389 a multiple of 172?
False
Does 56 divide 626080?
True
Does 716 divide 318796?
False
Is 4 a factor of 75250?
False
Is 89 a factor of 62656?
True
Is 1921357 a multiple of 111?
False
Is 312 a factor of 1487616?
True
Does 136 divide 206040?
True
Is 8 a factor of 935456?
True
Does 185 divide 522255?
True
Is 18 a factor of 313471?
False
Is 283 a factor of 498363?
True
Does 61 divide 896675?
False
Is 34 a factor of 2797784?
False
Is 285818 a multiple of 15?
False
Does 258 divide 453751?
False
Does 25 divide 2978272?
False
Is 83 a factor of 570536?
False
Does 166 divide 495842?
True
Is 706605 a multiple of 16?
False
Is 49946 a multiple of 2?
True
Is 99084 a multiple of 53?
False
Is 389 a factor of 290972?
True
Does 14 divide 196588?
True
Is 14 a factor of 75264?
True
Does 79 divide 89033?
True
Is 1467156 a multiple of 154?
False
Is 7 a factor of 1958095?
False
Is 2 a factor of 1121312?
True
Is 32 a factor of 1178272?
True
Does 118 divide 502901?
False
Is 484 a factor of 117232?
False
Does 38 divide 12750006?
False
Is 591 a factor of 1729266?
True
Is 3 a factor of 18894?
True
Does 72 divide 1897985?
False
Does 165 divide 14304848?
False
Is 117 a factor of 366454?
False
Is 2160975 a multiple of 191?
False
Is 743 a factor of 176091?
True
Is 239020 a multiple of 85?
True
Is 48 a factor of 2624100?
False
Does 699 divide 920583?
True
Is 61 a factor of 2777696?
True
Is 20932740 a multiple of 237?
False
Is 188 a factor of 179447?
False
Does 16 divide 94653?
False
Is 1440 a factor of 21818880?
True
Is 76882 a multiple of 94?
False
Is 133 a factor of 31122?
True
Does 16 divide 157888?
True
Is 23 a factor of 120743?
False
Is 164 a factor of 14924?
True
Does 25 divide 29200?
True
Is 41 a factor of 1661149?
False
Does 286 divide 270151?
False
Does 445 divide 1144540?
True
Does 128 divide 5684686?
False
Is 27 a factor of 1009017?
True
Is 3152820 a multiple of 255?
True
Does 312 divide 929749?
False
Is 2640564 a multiple of 36?
True
Is 399165 a multiple of 299?
True
Is 5072444 a multiple of 1123?
False
Is 486210 a multiple of 2?
True
Is 773110 a multiple of 13?
True
Is 237789 a multiple of 27?
True
Is 541 a factor of 180351?
False
Is 41 a factor of 10652006?
False
Is 1107378 a multiple of 12?
False
Is 26650 a multiple of 82?
True
Is 1102535 a multiple of 35?
True
Is 178115 a multiple of 7?
True
Is 74074 a multiple of 74?
True
Is 30 a factor of 263571?
False
Is 495 a factor of 1600299?
False
Does 452 divide 1845968?
True
Is 9020896 a multiple of 19?
True
Is 2 a factor of 29720?
True
Does 17 divide 3086739?
False
Does 22 divide 758020?
False
Does 394 divide 4034560?
True
Is 9546051 a multiple of 27?
False
Is 541728 a multiple of 176?
True
Does 39 divide 279287?
False
Is 10 a factor of 8078730?
True
Is 315 a factor of 2043405?
True
Does 14 divide 11138078?
True
Is 63990 a multiple of 15?
True
Is 12 a factor of 1183679?
False
Is 336 a factor of 7137613?
False
Is 434 a factor of 50778?
True
Is 8 a factor of 33664?
True
Is 43 a factor of 1191324?
False
Does 23 divide 1421860?
True
Does 2 divide 6571?
False
Does 64 divide 36224?
True
Is 215 a factor of 151790?
True
Is 366548 a multiple of 76?
True
Does 186 divide 1062455?
False
Is 5953506 a multiple of 13?
True
Is 679 a factor of 598236?
False
Is 31 a factor of 31593?
False
Does 320 divide 302322?
False
Is 200042 a multiple of 97?
False
Does 269 divide 862946?
False
Is 440 a factor of 161953?
False
Is 48732 a multiple of 31?
True
Does 69 divide 589536?
True
Does 106 divide 32330?
True
Does 1605 divide 23104454?
False
Is 17552920 a multiple of 770?
True
Is 272 a factor of 2410281?
False
Does 80 divide 363680?
True
Is 494883 a multiple of 9?
True
Is 30 a factor of 9340340?
False
Is 1184400 a multiple of 126?
True
Is 1868173 a multiple of 1191?
False
Is 224 a factor of 142551?
False
Is 38 a factor of 52706?
True
Does 5 divide 325499?
False
Does 29 divide 5214749?
False
Does 87 divide 118545?
False
Does 1298 divide 6294159?
False
Is 5955908 a multiple of 694?
True
Is 15 a factor of 365071?
False
Is 284 a factor of 807696?
True
Is 403 a factor of 69719?
True
Does 924 divide 1759919?
False
Is 93 a factor of 3732834?
True
Does 50 divide 123262?
False
Does 138 divide 8892972?
False
Is 42 a factor of 591024?
True
Is 8 a factor of 12718949?
False
Is 3 a factor of 52449?
True
Is 551286 a multiple of 166?
True
Is 31 a factor of 265949?
True
Is 206 a factor of 196710?
False
Is 15 a factor of 1203536?
False
Is 5 a factor of 6121745?
True
Is 1956760 a multiple of 262?
False
Does 265 divide 239295?
True
Does 26 divide 367038?
False
Does 190 divide 344914?
False
Is 8 a factor of 1899176?
True
Is 300 a factor of 1239900?
True
Is 9582642 a multiple of 282?
True
Does 2 divide 30248?
True
Is 472 a factor of 301136?
True
Is 228967 a multiple of 457?
False
Is 51 a factor of 13028400?
False
Does 871 divide 3759236?
True
Is 701 a factor of 47919?
False
Is 704544 a multiple of 41?
True
Is 54 a factor of 143748?
True
Does 11 divide 6165302?
True
Is 395867 a multiple of 105?
False
Does 37 divide 5773?
False
Is 7089 a multiple of 11?
False
Is 3743586 a multiple of 803?
True
Does 30 divide 1814100?
True
Is 78742 a multiple of 15?
False
Is 734390 a multiple of 103?
True
Is 13 a factor of 229342?
False
Is 2286152 a multiple of 100?
False
Is 46888 even?
True
Is 34 a factor of 28628?
True
Is 31 a factor of 8344611?
True
Does 25 divide 31825?
True
Is 5797784 a multiple of 5?
False
Is 31